irst derivative of -2*i**3/3 + 2*i**2 - i - 210. Give b(5).
-31
Let q = 13 - 16. Suppose -l - 3 = -0. Let a be (-2 - l)*(-2 - q). Let k(u) = 6*u**2 - u + 1. Determine k(a).
6
Let a(l) = -l**2 - 3*l + 6. Let w(x) = -x**3 + 17*x**2 + 18*x - 5. Let k be w(18). Determine a(k).
-4
Let v = -64 - -58. Suppose 4*d - 2*y - 4 = 0, 3*y - 9 = -3*d + 4*d. Let j(f) = 7*f + 3*f - f + 8 + 0*f**3 + 7*f**2 + f**d. Determine j(v).
-10
Let w(g) be the third derivative of 1/60*g**5 - 1/3*g**3 - 1/24*g**4 + 0*g + 0 + 15*g**2. Suppose 5*d - 8 = 7. Give w(d).
4
Let d(m) = 2*m**3 + 11*m**2 + 4*m - 7. Let f(w) = -w**3 - w + 1. Let o(z) = d(z) + 3*f(z). Calculate o(11).
7
Let k(n) = 5*n**3 + 27*n**2 + 5*n - 20. Let r be k(-5). Let m(h) = 12*h - 62. Determine m(r).
-2
Suppose 8*n - 11 + 27 = 0. Let q(o) = 2*o - 28. Let u(y) = y - 14. Let x(a) = n*q(a) + 5*u(a). What is x(0)?
-14
Suppose 14 = 2*q + 26. Let d(y) = -18 + 0*y**2 + 4*y + 12 + y**2. Calculate d(q).
6
Let i(b) = 4*b + 1. Let s(r) = -12*r - 4. Let z(a) = -16*i(a) - 5*s(a). Let c be z(0). Let l(u) = -u**3 + 6*u**2 - 6*u. Give l(c).
8
Let v(w) be the first derivative of w**3/3 + w**2/2 - 73. Let l(f) = -f**2 + 5*f - 2. Let i be l(3). Suppose 12 = -4*p + 2*c, -i*c - 6 = 2*p - 0*c. Give v(p).
6
Let i be 16/(-6) - 392/168. Let w(t) = 6*t + 25. What is w(i)?
-5
Let w be (-3197)/(-92) - (-2)/8. Let r = w - 62. Let n be 36/r*(-9)/4. Let q(t) = -t - 1. Determine q(n).
-4
Let d(i) = 7*i**3 + 5*i**2 + 11*i + 5. Let n(c) = 15*c**3 + 10*c**2 + 23*c + 11. Suppose 17 - 5 = 2*h. Let w(l) = h*n(l) - 13*d(l). Give w(-4).
5
Let j(t) = t. Let g be (5 + -2 + 12)*1. Let h be (140/(-49))/((-6)/21). Let r = g - h. Determine j(r).
5
Let a(k) = k - 8. Let p be 6/(-21) - ((-102)/14 - -1). Suppose -4*m + 2*z + 12 = p*z, -z + 3 = 3*m. Determine a(m).
-8
Suppose -3*k = -9, -5*x - k = -4 - 14. Let c(p) = p**3 - 4 + 360*p + x*p**2 - 181*p - 183*p. Calculate c(-4).
-4
Let h(v) = 3*v**2 + 10*v + 11. Let k(u) = -126*u + 141*u + 9 + 7 + 5*u**2. Let y(w) = -8*h(w) + 5*k(w). Determine y(7).
6
Let y = -25 - -29. Suppose -3*m - 24 = 3*w, -4*w + 3*m + y = 1. Let k(u) = 3*u**2 + 4*u - 1. What is k(w)?
14
Let l = -2 - -10. Suppose -4*u + 20 = -l. Suppose -m = -5*v + 17, v = 2*m - 0*v + u. Let x(g) = -g**3 + 2*g. What is x(m)?
4
Suppose -3*n - 6 = -6*n. Let k(o) be the second derivative of -o**6/144 + o**5/40 - o**4/6 - o. Let p(g) be the third derivative of k(g). What is p(n)?
-7
Suppose l = -5*n + 12, 3*l + 2 - 8 = 0. Let g(d) = -5 + d**2 - 3*d**2 + d**n - 278*d + 282*d. What is g(4)?
-5
Let j(y) = -5*y**2 - y - 4. Let l(o) = -2*o**2 - o - 1. Let m(b) = j(b) - 3*l(b). Suppose 2*d + 2*r - 6 = 0, 0*d + 3*d = 4*r + 9. What is m(d)?
14
Suppose 0 = -i - 41 + 34. Let u(p) = -p**2 - 7*p + 9. Calculate u(i).
9
Let t(f) be the first derivative of -f**2 + 3*f + 6. Let n(o) = o**2 + 2*o - 2. Let a(h) = h + 1. Let z(k) = 2*a(k) - n(k). Let c be z(0). Give t(c).
-5
Suppose 5*n - 21 = 2*n. Let c(f) = 2*f - f**2 - f - n + 7. Suppose 0 = -4*z - z + 10. Calculate c(z).
-2
Let i(q) be the second derivative of q**3/6 + 4*q**2 - q. Let k be (57 - 67)/(10/6). What is i(k)?
2
Let k(y) = y**3 - 7*y**2 - 10*y + 10. Let g(o) = -o - 2. Let r be g(-10). Calculate k(r).
-6
Let h(v) = -v + 1. Suppose 6*j = 8*j. Let g be h(j). Let u(y) be the third derivative of y**4/24 - 3*y**2. Determine u(g).
1
Let t = -11 + 7. Let r(a) be the second derivative of -a**4/24 + a**3/3 - 2*a**2 - 8*a. Let q(j) be the first derivative of r(j). Calculate q(t).
6
Let x(c) = -c - 4. Let q(y) = -y + 3 - 1 + 0. Let m be q(-3). Determine x(m).
-9
Let z(u) = u**3 - 7*u**2 + 8*u. Let a(b) = 6*b**2 - 7*b. Let p(r) = 7*r**3 - 2*r - 2. Let l be p(-1). Let o(g) = l*a(g) - 6*z(g). Calculate o(1).
-5
Let l be (-74)/(-333) + (1 - 166/18). Let j(r) = 5*r - 4*r - 1 + 8 + 0. Calculate j(l).
-1
Suppose 6*q - 7*q = -48. Let v = 25 - q. Let m = 22 + v. Let h(p) = -p. Determine h(m).
1
Let y(n) = -n**2 + 7*n + 8. Let m be y(8). Let o(r) = r + 0 + m*r - 3 - r**2 + 3*r. Suppose 4*d - 12 = 4. Give o(d).
-3
Let m(t) = 5*t - 1. Let k(j) be the third derivative of j**4/24 - j**3/2 + 3*j**2. Let n be k(8). Suppose -n*v + 5 = -0*v. Calculate m(v).
4
Let a = 9 + -15. Suppose -4*p + 3*m = -20, -6 = -5*p - m - 0. Let z(c) = 2*c + 0 - c - 6 - p*c. Give z(a).
0
Let q(d) = 7*d - 1. Let g be -2*(165/(-6))/5. Suppose -3*c + 7*c + g = 5*p, -c - 9 = 5*p. Calculate q(p).
-8
Let f(w) = -8*w**2 + 4*w + 2. Let q be f(-1). Let h(m) = -m**3 - 10*m**2 + m - 4. Determine h(q).
-14
Suppose -15*m + 80 = 35. Let u(a) be the first derivative of m*a - 1/2*a**2 + 6. What is u(3)?
0
Let r(y) be the second derivative of y**3/3 + 3*y**2/2 + y - 13. Give r(6).
15
Let a = 238 + -243. Let r(l) = -3*l - 5. Give r(a).
10
Let v be ((-78)/(-12) - 4)*(2 + -4). Let l(k) = k**2 + 7*k + 1. Calculate l(v).
-9
Let z(p) be the second derivative of -p**3/3 + 3*p**2 + 6*p + 5. Determine z(5).
-4
Let q = -55 + 58. Let p(n) = n - 1 + 8*n**q - 4*n**2 - 7*n**3 - 4*n**2 + 3*n**2. Calculate p(4).
-13
Let y(u) = u**2 - 3*u - 14. Let s be y(-3). Let l(b) = -b**2 + 5*b + 2. Calculate l(s).
6
Suppose -1 = -5*i + 9. Let z(g) = -51 - 7*g - g**3 + 20 - 6*g**i + 27. Calculate z(-5).
6
Let a(j) = 7*j - 6 - 9 - 3 - 4*j + 4. What is a(10)?
16
Let s(f) = -2*f - 3. Let z be (-31 + 34)*(-5)/3. Determine s(z).
7
Let q(x) = -x + 12. Let y be q(9). Suppose -2*n - 3*o + 7*o = 14, -5*o + 16 = -y*n. Let r(m) = m + n - 8 + 1 - 2. Give r(0).
-6
Let z(o) be the second derivative of -o**3/6 + 25*o**2/2 - 224*o. Give z(17).
8
Let d(s) = 12*s + 14. Let g(t) = 2*t + 1. Let y(w) = 5*w + 3. Let h(u) = 13*g(u) - 6*y(u). Let l(o) = 4*d(o) + 11*h(o). Give l(-1).
-3
Let t(u) = 3*u - 2. Let b(j) = 15*j + 9. Let h(k) = 8*k + 5. Let z(n) = -6*b(n) + 11*h(n). Let i(l) = -3*t(l) - 4*z(l). Calculate i(3).
-1
Let s(v) = v - 3. Suppose -5*o = -0*u - 4*u - 133, 3*u = o - 97. Let n be (-5)/((-20)/u) + -2. Let r = 10 + n. Calculate s(r).
-3
Let o(z) be the first derivative of z**4 - 2*z**3/3 - z**2 + 2*z + 68. Give o(2).
22
Let p(y) = 20*y**2 + 40 - 50 - 22*y**2. Determine p(0).
-10
Let u(z) = -z**3 - 5*z**2 + 5*z - 6. Let w = 95 - 30. Let s = w + -71. Determine u(s).
0
Let t(n) be the second derivative of n**5/20 + n**4/4 - 5*n**3/6 + 3*n**2/2 + 106*n. Calculate t(-4).
7
Let l(i) = 5 + 5*i**2 - i**3 + i**2 - 9*i - 2*i**2 + 8*i**2 - 4*i**2. Suppose 0 = y - o - 2, -1 = 3*y - 4*o - 2. Calculate l(y).
-9
Let f(c) = c**2 + 7*c + 5. Let h = -222 + 220. What is f(h)?
-5
Let y = -2 - 3. Let v(o) = 7*o**3 + 2*o**2 + 6*o - 7. Let k(d) = 7*d**3 + 2*d**2 + 5*d - 6. Let f(l) = y*v(l) + 6*k(l). Suppose -c - 473 = -472. Give f(c).
-6
Let q(n) = -n**3 - 2*n**2 + 3*n + 3. Let k be q(-3). Let s(d) = -5*d**3 - k*d**2 + 0*d**2 + 2*d**2 + 0*d**2. Let i be (-1)/(2 - (2 + 1)). Give s(i).
-6
Suppose -18*z = -17*z. Let u(x) be the third derivative of -1/2*x**3 + z*x - 1/24*x**4 + 4*x**2 + 0. Determine u(-5).
2
Let h(l) be the first derivative of l**3/3 + 4*l**2 + 13*l + 53. What is h(-9)?
22
Let j(y) be the second derivative of -9*y - 1/6*y**3 + 0 + y**2. Determine j(5).
-3
Let w(y) = 3*y + 1. Suppose 5*x - 2*t - 13 = 0, -2*x - 3 = 3*t - 12. Suppose 0 = h + x*h - 8. What is w(h)?
7
Let c(n) = 5*n**2 + 5*n - 3. Let k(l) = -3*l**2 - 3*l + 2. Let s(y) = 4*c(y) + 7*k(y). Let u = -8 - -6. Calculate s(u).
0
Let x = 9 + -6. Let m(g) = -g**3 + 4*g**2 - 4*g + 2. Let n be m(2). Let o(v) = 0*v**2 + 6*v**2 + 4*v**x - 2 + 4*v - n*v**3 - v**3. Determine o(-4).
14
Let s(r) = -r**2 + 8*r - 9. Let o = -259 + 264. Calculate s(o).
6
Suppose -2*c + 38 = -0*c. Let f = 44 - c. Let r(d) = f*d + 4*d**2 - 29*d - 6 + 0*d**2 - 3*d**2. Calculate r(5).
-1
Let b(l) be the second derivative of -l**3/2 - 2*l**2 - 98*l. What is b(-5)?
11
Let b(z) = 24*z + 31*z - 81*z - 2 + 27*z. What is b(7)?
5
Let f(l) = l**3 + l**2 + l. Let i(s) = -s**3 + 3*s**2 + 6*s - 3. Let v be i(4). Suppose 0 = -4*p - 2*h, 5*h = -v*p + 3*p + 8. Determine f(p).
-1
Let b be (5 + -6)/((-5)/(-5)). Suppose 0 = -0*m - 4*m + 12. Let z(o) = m*o**3 - o**2 + 7*o**3 - 1 - 2*o**3 - o. What is z(b)?
-9
Let a(s) = s**3 + 9*s**2 - 22*s + 15. Suppose 0 = 8*f - 11*f - 3*m - 24, f - 4*m = -23. Determine a(f).
15
Let q(s) = -9*s**3 + s**2. Let i be ((-42)/4)/(2 + (-5)/4). Let g = -15 - i. What is q(g)?
10
Let y(o) be 